{"id":5777,"date":"2025-10-22T16:01:02","date_gmt":"2025-10-22T14:01:02","guid":{"rendered":"https:\/\/pcbigouden.fr\/?page_id=5777"},"modified":"2026-01-17T17:29:31","modified_gmt":"2026-01-17T16:29:31","slug":"3-la-dette-publique","status":"publish","type":"page","link":"https:\/\/pcbigouden.fr\/?page_id=5777","title":{"rendered":"-3- La dette publique"},"content":{"rendered":"<p>La dette est utilis\u00e9e par nos dirigeants et par toute la droite comme un pretexte, un moyen de chantage, pour faire accepter une politique d&rsquo;aust\u00e9rit\u00e9.<br \/>\nIl faut faire peur, m\u00eame culpabiliser, \u00ab\u00a0<em>vous vivez au dessus de vos moyens<\/em>\u00ab\u00a0, ce qui revient \u00e0 inverser les responsabilit\u00e9s, afin d&rsquo;imposer l&rsquo;id\u00e9e qu&rsquo;il n&rsquo;y a pas d&rsquo;alternative \u00e0 la politique antisociale qu&rsquo;ils conduisent et veulent aghraver.<\/p>\n<p>Il faut noter que sous la pr\u00e9sidence de Macron le montant de la dette a bondi, cela est du essentiellement \u00e0 la baisse des recettes de l&rsquo;\u00e9tat r\u00e9sultant des cadeaux aux grandes entreprises et aux ultra riches.<\/p>\n<p>Fran\u00e7ois Bayrou et \u00a0<strong class=\"LNTPh JtdkY\">Laurent Wauquiez vont m\u00eame jusqu&rsquo;\u00e0 dire \u00ab\u00a0<em>La France est ruin\u00e9e<\/em>\u00ab\u00a0, ce qui est un mensoge \u00e9hont\u00e9.<br \/>\nIls\u00a0 utilisent le fait que la dette actuelle repr\u00e9sente 113% du PIB pour dire qu&rsquo;il s&rsquo;agit de 113% de la richesse de la France, ce qui est compl\u00e9tement faux et malhonn\u00eate.<br \/>\nLe PIB c&rsquo;est la richesse produite par les travailleurs en France EN UN AN.. Donc la dette est l&rsquo;\u00e9quivalent de 14 mois de production de richesse.<br \/>\n<\/strong><b>Bien que trop \u00e9lev\u00e9 le montant de la dette n&rsquo;est donc pas si important qu&rsquo;ils le disent, 113% du PIB, soit un peu plus d\u2019un an de revenu national. <\/b>Bien des m\u00e9nages aimeraient apr\u00e8s un achat de logement n\u2019\u00eatre endett\u00e9s qu\u2019\u00e0 hauteur d\u2019un peu plus de leurs revenus annuels\u00a0!<\/p>\n<p><b>Ce qui compte ce n\u2019est pas le montant de la dette, c\u2019est la charge annuelle des int\u00e9r\u00eats vers\u00e9s, qui d\u00e9pend directement des taux d\u2019int\u00e9r\u00eat. Les int\u00e9r\u00eats de la dette repr\u00e9sentent un poste important du budget, le premier d\u00e9sormais, depuis que les taux ont mont\u00e9\u00a0<\/b>en raison des politiques des banques centrales dans leur choix de contrer l\u2019inflation par des politiques mon\u00e9taires restrictives.<\/p>\n<p style=\"text-align: center;\"><strong>La vraie question est donc : A qui l&rsquo;on emprunte, et pourquoi ?<\/strong><\/p>\n<p><strong>La charge annuelle de la dette compar\u00e9e \u00e0 l\u2019augmentation de la cr\u00e9ation de richesse, le PIB : <\/strong><i>\u00ab\u00a0Chaque ann\u00e9e, la France, en plus de l&rsquo;ann\u00e9e pr\u00e9c\u00e9dente, produit pour un montant de 50 milliards d&rsquo;euros environ. 50 milliards cr\u00e9\u00e9s par le travail, plus de 100 milliards transf\u00e9r\u00e9s \u00e0 nos cr\u00e9anciers. Le double. Autrement dit, tout le travail, l&rsquo;inventivit\u00e9 du pays pour progresser pendant une ann\u00e9e, tout ce progr\u00e8s que nous voulons pour les n\u00f4tres, pour nos enfants, est enti\u00e8rement revers\u00e9 \u00e0 nos cr\u00e9anciers.\u00a0<strong>Et la majorit\u00e9 de nos cr\u00e9anciers, 60 %, sont \u00e9trangers.<\/strong>\u00a0<strong>Ce sont donc des d\u00e9penses obligatoires totalement improductives.<\/strong>\u00a0Pas un emploi de plus, pas un service am\u00e9lior\u00e9, pas un \u00e9quipement mis en place. Notre pays travaille, croit s&rsquo;enrichir et tous les ans s&rsquo;appauvrit un peu plus. C&rsquo;est une silencieuse, souterraine, invisible et insupportable h\u00e9morragie. \u00bb<\/i><\/p>\n<p>Les requins de la finance s&rsquo;enrichissent sur notre dos et alimentent cette dette. C&rsquo;est donc cela qu&rsquo;il faut modifier.<\/p>\n<p>Le probl\u00e8me n&rsquo;est donc pas la dette en elle m\u00eaeme mais \u00e0 qui l&rsquo;on emprunte et comment va t&rsquo;on utiliser l&rsquo;argent obtenu..<\/p>\n<h3><a href=\"https:\/\/www.humanite.fr\/social-et-economie\/austerite\/denis-durand-le-probleme-ce-nest-pas-la-dette-cest-de-savoir-a-qui-on-emprunte\" target=\"_blank\" rel=\"noopener\">Denis Durand, \u00e9conomiste : Le probl\u00e8me ce n&rsquo;est pas la dette, c&rsquo;est de savoir \u00e0 qui on emprunte.<\/a><\/h3>\n<p>Dans son expos\u00e9 Evelyne Ternant donne des pistes. Il y a des alternatives, \u00e0 nous de les faire connaitre..<\/p>\n<h3><a href=\"https:\/\/fdgpierrebe.over-blog.com\/2025\/11\/faut-il-avoir-peurde-la-dette-belle-soiree-d-education-populaire-des-communistes-de-pierre-benite-avec-evelyne-ternant.html\" target=\"_blank\" rel=\"noopener\">Un expos\u00e9 d&rsquo;<em><strong>Evelyne Ternant,<\/strong><\/em> \u00e9conomiste du PCF, sur la dette. Novembre 2025<\/a><\/h3>\n<hr \/>\n<p><a href=\"https:\/\/pcbigouden.fr\/?page_id=5762\">Retour au sommaire de la s\u00a0\u00bbrie COMPRENDRE<\/a><\/p>\n","protected":false},"excerpt":{"rendered":"<p>La dette est utilis\u00e9e par nos dirigeants et par toute la droite comme un pretexte, un moyen de chantage, pour faire accepter une politique d&rsquo;aust\u00e9rit\u00e9. Il faut faire peur, m\u00eame culpabiliser, \u00ab\u00a0vous vivez au dessus de vos moyens\u00ab\u00a0, ce qui revient \u00e0 inverser les responsabilit\u00e9s, afin d&rsquo;imposer l&rsquo;id\u00e9e qu&rsquo;il n&rsquo;y a pas d&rsquo;alternative \u00e0 la &hellip; <a href=\"https:\/\/pcbigouden.fr\/?page_id=5777\" class=\"more-link\">Continue reading <span class=\"screen-reader-text\">-3- La dette publique<\/span><\/a><\/p>\n","protected":false},"author":6,"featured_media":0,"parent":5762,"menu_order":0,"comment_status":"closed","ping_status":"closed","template":"","meta":{"footnotes":""},"class_list":["post-5777","page","type-page","status-publish","hentry"],"yoast_head":"<!-- This site is optimized with the Yoast SEO plugin v27.5 - https:\/\/yoast.com\/product\/yoast-seo-wordpress\/ -->\n<title>-3- La dette publique - PCF Pays Bigouden<\/title>\n<meta name=\"robots\" content=\"index, follow, max-snippet:-1, max-image-preview:large, max-video-preview:-1\" \/>\n<link rel=\"canonical\" href=\"https:\/\/pcbigouden.fr\/?page_id=5777\" \/>\n<meta property=\"og:locale\" content=\"fr_FR\" \/>\n<meta property=\"og:type\" content=\"article\" \/>\n<meta property=\"og:title\" content=\"-3- La dette publique - PCF Pays Bigouden\" \/>\n<meta property=\"og:description\" content=\"La dette est utilis\u00e9e par nos dirigeants et par toute la droite comme un pretexte, un moyen de chantage, pour faire accepter une politique d&rsquo;aust\u00e9rit\u00e9. Il faut faire peur, m\u00eame culpabiliser, \u00ab\u00a0vous vivez au dessus de vos moyens\u00ab\u00a0, ce qui revient \u00e0 inverser les responsabilit\u00e9s, afin d&rsquo;imposer l&rsquo;id\u00e9e qu&rsquo;il n&rsquo;y a pas d&rsquo;alternative \u00e0 la &hellip; Continue reading -3- La dette publique\" \/>\n<meta property=\"og:url\" content=\"https:\/\/pcbigouden.fr\/?page_id=5777\" \/>\n<meta property=\"og:site_name\" content=\"PCF Pays Bigouden\" \/>\n<meta property=\"article:modified_time\" content=\"2026-01-17T16:29:31+00:00\" \/>\n<meta name=\"twitter:card\" content=\"summary_large_image\" \/>\n<meta name=\"twitter:label1\" content=\"Dur\u00e9e de lecture estim\u00e9e\" \/>\n\t<meta name=\"twitter:data1\" content=\"3 minutes\" \/>\n<script type=\"application\/ld+json\" class=\"yoast-schema-graph\">{\"@context\":\"https:\\\/\\\/schema.org\",\"@graph\":[{\"@type\":\"WebPage\",\"@id\":\"https:\\\/\\\/pcbigouden.fr\\\/?page_id=5777\",\"url\":\"https:\\\/\\\/pcbigouden.fr\\\/?page_id=5777\",\"name\":\"-3- La dette publique - PCF Pays Bigouden\",\"isPartOf\":{\"@id\":\"https:\\\/\\\/pcbigouden.fr\\\/#website\"},\"datePublished\":\"2025-10-22T14:01:02+00:00\",\"dateModified\":\"2026-01-17T16:29:31+00:00\",\"breadcrumb\":{\"@id\":\"https:\\\/\\\/pcbigouden.fr\\\/?page_id=5777#breadcrumb\"},\"inLanguage\":\"fr-FR\",\"potentialAction\":[{\"@type\":\"ReadAction\",\"target\":[\"https:\\\/\\\/pcbigouden.fr\\\/?page_id=5777\"]}]},{\"@type\":\"BreadcrumbList\",\"@id\":\"https:\\\/\\\/pcbigouden.fr\\\/?page_id=5777#breadcrumb\",\"itemListElement\":[{\"@type\":\"ListItem\",\"position\":1,\"name\":\"Accueil\",\"item\":\"https:\\\/\\\/pcbigouden.fr\\\/\"},{\"@type\":\"ListItem\",\"position\":2,\"name\":\"Comprendre.. une s\u00e9rie de th\u00e8mes\",\"item\":\"https:\\\/\\\/pcbigouden.fr\\\/?page_id=5762\"},{\"@type\":\"ListItem\",\"position\":3,\"name\":\"-3- La dette publique\"}]},{\"@type\":\"WebSite\",\"@id\":\"https:\\\/\\\/pcbigouden.fr\\\/#website\",\"url\":\"https:\\\/\\\/pcbigouden.fr\\\/\",\"name\":\"PCF Pays Bigouden\",\"description\":\"Blog des communistes du Pays Bigouden\",\"publisher\":{\"@id\":\"https:\\\/\\\/pcbigouden.fr\\\/#organization\"},\"potentialAction\":[{\"@type\":\"SearchAction\",\"target\":{\"@type\":\"EntryPoint\",\"urlTemplate\":\"https:\\\/\\\/pcbigouden.fr\\\/?s={search_term_string}\"},\"query-input\":{\"@type\":\"PropertyValueSpecification\",\"valueRequired\":true,\"valueName\":\"search_term_string\"}}],\"inLanguage\":\"fr-FR\"},{\"@type\":\"Organization\",\"@id\":\"https:\\\/\\\/pcbigouden.fr\\\/#organization\",\"name\":\"Parti Communiste PCF Pays Bigouden\",\"url\":\"https:\\\/\\\/pcbigouden.fr\\\/\",\"logo\":{\"@type\":\"ImageObject\",\"inLanguage\":\"fr-FR\",\"@id\":\"https:\\\/\\\/pcbigouden.fr\\\/#\\\/schema\\\/logo\\\/image\\\/\",\"url\":\"https:\\\/\\\/pcbigouden.fr\\\/wp-content\\\/uploads\\\/2021\\\/10\\\/logoTB307x290.jpg\",\"contentUrl\":\"https:\\\/\\\/pcbigouden.fr\\\/wp-content\\\/uploads\\\/2021\\\/10\\\/logoTB307x290.jpg\",\"width\":307,\"height\":290,\"caption\":\"Parti Communiste PCF Pays Bigouden\"},\"image\":{\"@id\":\"https:\\\/\\\/pcbigouden.fr\\\/#\\\/schema\\\/logo\\\/image\\\/\"}}]}<\/script>\n<!-- \/ Yoast SEO plugin. -->","yoast_head_json":{"title":"-3- La dette publique - PCF Pays Bigouden","robots":{"index":"index","follow":"follow","max-snippet":"max-snippet:-1","max-image-preview":"max-image-preview:large","max-video-preview":"max-video-preview:-1"},"canonical":"https:\/\/pcbigouden.fr\/?page_id=5777","og_locale":"fr_FR","og_type":"article","og_title":"-3- La dette publique - PCF Pays Bigouden","og_description":"La dette est utilis\u00e9e par nos dirigeants et par toute la droite comme un pretexte, un moyen de chantage, pour faire accepter une politique d&rsquo;aust\u00e9rit\u00e9. Il faut faire peur, m\u00eame culpabiliser, \u00ab\u00a0vous vivez au dessus de vos moyens\u00ab\u00a0, ce qui revient \u00e0 inverser les responsabilit\u00e9s, afin d&rsquo;imposer l&rsquo;id\u00e9e qu&rsquo;il n&rsquo;y a pas d&rsquo;alternative \u00e0 la &hellip; Continue reading -3- La dette publique","og_url":"https:\/\/pcbigouden.fr\/?page_id=5777","og_site_name":"PCF Pays Bigouden","article_modified_time":"2026-01-17T16:29:31+00:00","twitter_card":"summary_large_image","twitter_misc":{"Dur\u00e9e de lecture estim\u00e9e":"3 minutes"},"schema":{"@context":"https:\/\/schema.org","@graph":[{"@type":"WebPage","@id":"https:\/\/pcbigouden.fr\/?page_id=5777","url":"https:\/\/pcbigouden.fr\/?page_id=5777","name":"-3- La dette publique - PCF Pays Bigouden","isPartOf":{"@id":"https:\/\/pcbigouden.fr\/#website"},"datePublished":"2025-10-22T14:01:02+00:00","dateModified":"2026-01-17T16:29:31+00:00","breadcrumb":{"@id":"https:\/\/pcbigouden.fr\/?page_id=5777#breadcrumb"},"inLanguage":"fr-FR","potentialAction":[{"@type":"ReadAction","target":["https:\/\/pcbigouden.fr\/?page_id=5777"]}]},{"@type":"BreadcrumbList","@id":"https:\/\/pcbigouden.fr\/?page_id=5777#breadcrumb","itemListElement":[{"@type":"ListItem","position":1,"name":"Accueil","item":"https:\/\/pcbigouden.fr\/"},{"@type":"ListItem","position":2,"name":"Comprendre.. une s\u00e9rie de th\u00e8mes","item":"https:\/\/pcbigouden.fr\/?page_id=5762"},{"@type":"ListItem","position":3,"name":"-3- La dette publique"}]},{"@type":"WebSite","@id":"https:\/\/pcbigouden.fr\/#website","url":"https:\/\/pcbigouden.fr\/","name":"PCF Pays Bigouden","description":"Blog des communistes du Pays Bigouden","publisher":{"@id":"https:\/\/pcbigouden.fr\/#organization"},"potentialAction":[{"@type":"SearchAction","target":{"@type":"EntryPoint","urlTemplate":"https:\/\/pcbigouden.fr\/?s={search_term_string}"},"query-input":{"@type":"PropertyValueSpecification","valueRequired":true,"valueName":"search_term_string"}}],"inLanguage":"fr-FR"},{"@type":"Organization","@id":"https:\/\/pcbigouden.fr\/#organization","name":"Parti Communiste PCF Pays Bigouden","url":"https:\/\/pcbigouden.fr\/","logo":{"@type":"ImageObject","inLanguage":"fr-FR","@id":"https:\/\/pcbigouden.fr\/#\/schema\/logo\/image\/","url":"https:\/\/pcbigouden.fr\/wp-content\/uploads\/2021\/10\/logoTB307x290.jpg","contentUrl":"https:\/\/pcbigouden.fr\/wp-content\/uploads\/2021\/10\/logoTB307x290.jpg","width":307,"height":290,"caption":"Parti Communiste PCF Pays Bigouden"},"image":{"@id":"https:\/\/pcbigouden.fr\/#\/schema\/logo\/image\/"}}]}},"jetpack_sharing_enabled":true,"jetpack_likes_enabled":true,"_links":{"self":[{"href":"https:\/\/pcbigouden.fr\/index.php?rest_route=\/wp\/v2\/pages\/5777","targetHints":{"allow":["GET"]}}],"collection":[{"href":"https:\/\/pcbigouden.fr\/index.php?rest_route=\/wp\/v2\/pages"}],"about":[{"href":"https:\/\/pcbigouden.fr\/index.php?rest_route=\/wp\/v2\/types\/page"}],"author":[{"embeddable":true,"href":"https:\/\/pcbigouden.fr\/index.php?rest_route=\/wp\/v2\/users\/6"}],"replies":[{"embeddable":true,"href":"https:\/\/pcbigouden.fr\/index.php?rest_route=%2Fwp%2Fv2%2Fcomments&post=5777"}],"version-history":[{"count":13,"href":"https:\/\/pcbigouden.fr\/index.php?rest_route=\/wp\/v2\/pages\/5777\/revisions"}],"predecessor-version":[{"id":6027,"href":"https:\/\/pcbigouden.fr\/index.php?rest_route=\/wp\/v2\/pages\/5777\/revisions\/6027"}],"up":[{"embeddable":true,"href":"https:\/\/pcbigouden.fr\/index.php?rest_route=\/wp\/v2\/pages\/5762"}],"wp:attachment":[{"href":"https:\/\/pcbigouden.fr\/index.php?rest_route=%2Fwp%2Fv2%2Fmedia&parent=5777"}],"curies":[{"name":"wp","href":"https:\/\/api.w.org\/{rel}","templated":true}]}}